{"id":102,"date":"2025-03-12T00:50:52","date_gmt":"2025-03-12T06:50:52","guid":{"rendered":"https:\/\/paseometropoli.com\/webdev2025\/?page_id=102"},"modified":"2026-03-31T09:14:10","modified_gmt":"2026-03-31T15:14:10","slug":"contactenos","status":"publish","type":"page","link":"https:\/\/paseometropoli.com\/web\/contactenos\/","title":{"rendered":"Cont\u00e1ctenos"},"content":{"rendered":"<div id=\"cs-content\" class=\"cs-content\"><div class=\"x-section e102-e1 m2u-0 m2u-1 m2u-2 m2u-3\"><div class=\"x-bg\" aria-hidden=\"true\"><div class=\"x-bg-layer-lower-image\" data-x-element-bg-layer=\"{&quot;parallaxSize&quot;:&quot;150%&quot;,&quot;parallaxDir&quot;:&quot;v&quot;,&quot;parallaxRev&quot;:false}\"><\/div><div class=\"x-bg-layer-upper-color\"><\/div><\/div><div class=\"x-row x-container max width e102-e2 m2u-8 m2u-a m2u-b\"><div class=\"x-row-inner\"><div class=\"x-col e102-e3 m2u-e m2u-f\"><div class=\"x-text x-text-headline e102-e4 m2u-g m2u-h\"><div class=\"x-text-content\"><div class=\"x-text-content-text\"><h1 class=\"x-text-content-text-primary\">Cont\u00e1ctenos<\/h1>\n<\/div><\/div><\/div><div class=\"x-text x-content e102-e5 m2u-j m2u-k m2u-l m2u-m\">Para consultas generales o si quieres ser parte de nuestro equipo.<\/div><\/div><\/div><\/div><\/div><div class=\"x-section e102-e6 m2u-0 m2u-3 m2u-4 m2u-5\" style=\"min-height: 70vh\"><div class=\"x-row x-container max width e102-e7 m2u-8 m2u-a m2u-c\"><div class=\"x-row-inner\"><div class=\"x-col e102-e8 m2u-e\"><hr class=\"x-line e102-e9 m2u-s m2u-t\"\/><div class=\"x-tabs e102-e10 m2u-v m2u-7 x-effect-exit\" data-x-effect=\"{&quot;scroll&quot;:true,&quot;offsetTop&quot;:&quot;10%&quot;,&quot;offsetBottom&quot;:&quot;10%&quot;,&quot;behaviorScroll&quot;:&quot;fire-once&quot;}\" data-x-element-tabs=\"\"><div class=\"x-tabs-list\"><ul role=\"tablist\"><li role=\"presentation\"><button id=\"tab-e102-e11\" class=\"e102-e11 x-active\" role=\"tab\" aria-selected=\"true\" aria-controls=\"panel-e102-e11\" data-x-toggle=\"tab\" data-x-toggleable=\"tab-item-e102-e11\" data-x-toggle-group=\"tab-group-e102-e10\"><span>SAC<\/span><\/button><\/li><li role=\"presentation\"><button id=\"tab-e102-e16\" class=\"e102-e16\" role=\"tab\" aria-selected=\"false\" aria-controls=\"panel-e102-e16\" data-x-toggle=\"tab\" data-x-toggleable=\"tab-item-e102-e16\" data-x-toggle-group=\"tab-group-e102-e10\"><span>RRHH<\/span><\/button><\/li><\/ul><\/div><div class=\"x-tabs-panels\"><div id=\"panel-e102-e11\" class=\"x-tabs-panel e102-e11 x-active\" role=\"tabpanel\" aria-labelledby=\"tab-e102-e11\" aria-hidden=\"false\" data-x-toggleable=\"tab-item-e102-e11\"><div class=\"x-text x-content e102-e12 m2u-j m2u-k m2u-n m2u-o\">Servicio al cliente<\/div><hr class=\"x-line e102-e13 m2u-w\"\/><hr class=\"x-line e102-e14 m2u-t m2u-u\"\/>\n<div class=\"wpcf7 no-js\" id=\"wpcf7-f258-o1\" lang=\"es-CR\" dir=\"ltr\" data-wpcf7-id=\"258\">\n<div class=\"screen-reader-response\"><p role=\"status\" aria-live=\"polite\" aria-atomic=\"true\"><\/p> <ul><\/ul><\/div>\n<form action=\"\/web\/wp-json\/wp\/v2\/pages\/102#wpcf7-f258-o1\" method=\"post\" class=\"wpcf7-form init\" aria-label=\"Contact form\" novalidate=\"novalidate\" data-status=\"init\">\n<fieldset class=\"hidden-fields-container\"><input type=\"hidden\" name=\"_wpcf7\" value=\"258\" \/><input type=\"hidden\" name=\"_wpcf7_version\" value=\"6.1.5\" \/><input type=\"hidden\" name=\"_wpcf7_locale\" value=\"es_CR\" \/><input type=\"hidden\" name=\"_wpcf7_unit_tag\" value=\"wpcf7-f258-o1\" \/><input type=\"hidden\" name=\"_wpcf7_container_post\" value=\"0\" \/><input type=\"hidden\" name=\"_wpcf7_posted_data_hash\" value=\"\" \/>\n<\/fieldset>\n<p><label> Su nombre<br \/>\n<span class=\"wpcf7-form-control-wrap\" data-name=\"your-name\"><input size=\"40\" maxlength=\"400\" class=\"wpcf7-form-control wpcf7-text wpcf7-validates-as-required\" autocomplete=\"name\" aria-required=\"true\" aria-invalid=\"false\" value=\"\" type=\"text\" name=\"your-name\" \/><\/span> <\/label>\n<\/p>\n<p><label> Su correo electr\u00f3nico<br \/>\n<span class=\"wpcf7-form-control-wrap\" data-name=\"your-email\"><input size=\"40\" maxlength=\"400\" class=\"wpcf7-form-control wpcf7-email wpcf7-validates-as-required wpcf7-text wpcf7-validates-as-email\" autocomplete=\"email\" aria-required=\"true\" aria-invalid=\"false\" value=\"\" type=\"email\" name=\"your-email\" \/><\/span> <\/label>\n<\/p>\n<p><label> Asunto<br \/>\n<span class=\"wpcf7-form-control-wrap\" data-name=\"your-subject\"><input size=\"40\" maxlength=\"400\" class=\"wpcf7-form-control wpcf7-text wpcf7-validates-as-required\" aria-required=\"true\" aria-invalid=\"false\" value=\"\" type=\"text\" name=\"your-subject\" \/><\/span> <\/label>\n<\/p>\n<p><label> Su mensaje (opcional)<br \/>\n<span class=\"wpcf7-form-control-wrap\" data-name=\"your-message\"><textarea cols=\"40\" rows=\"10\" maxlength=\"2000\" class=\"wpcf7-form-control wpcf7-textarea\" aria-invalid=\"false\" name=\"your-message\"><\/textarea><\/span> <\/label>\n<\/p>\n<p><input class=\"wpcf7-form-control wpcf7-submit has-spinner\" type=\"submit\" value=\"Enviar\" \/>\n<\/p><div class=\"wpcf7-response-output\" aria-hidden=\"true\"><\/div>\n<\/form>\n<\/div>\n<\/div><div id=\"panel-e102-e16\" class=\"x-tabs-panel e102-e16\" role=\"tabpanel\" aria-labelledby=\"tab-e102-e16\" aria-hidden=\"true\" data-x-toggleable=\"tab-item-e102-e16\"><div class=\"x-text x-content e102-e17 m2u-j m2u-n m2u-o m2u-p\">Recursos Humanos<\/div><hr class=\"x-line e102-e18 m2u-w\"\/><hr class=\"x-line e102-e19 m2u-s m2u-t\"\/>\n<div class=\"wpcf7 no-js\" id=\"wpcf7-f259-o2\" lang=\"es-CR\" dir=\"ltr\" data-wpcf7-id=\"259\">\n<div class=\"screen-reader-response\"><p role=\"status\" aria-live=\"polite\" aria-atomic=\"true\"><\/p> <ul><\/ul><\/div>\n<form action=\"\/web\/wp-json\/wp\/v2\/pages\/102#wpcf7-f259-o2\" method=\"post\" class=\"wpcf7-form init\" aria-label=\"Contact form\" enctype=\"multipart\/form-data\" novalidate=\"novalidate\" data-status=\"init\">\n<fieldset class=\"hidden-fields-container\"><input type=\"hidden\" name=\"_wpcf7\" value=\"259\" \/><input type=\"hidden\" name=\"_wpcf7_version\" value=\"6.1.5\" \/><input type=\"hidden\" name=\"_wpcf7_locale\" value=\"es_CR\" \/><input type=\"hidden\" name=\"_wpcf7_unit_tag\" value=\"wpcf7-f259-o2\" \/><input type=\"hidden\" name=\"_wpcf7_container_post\" value=\"0\" \/><input type=\"hidden\" name=\"_wpcf7_posted_data_hash\" value=\"\" \/>\n<\/fieldset>\n<p><label> Su nombre<br \/>\n<span class=\"wpcf7-form-control-wrap\" data-name=\"your-name\"><input size=\"40\" maxlength=\"400\" class=\"wpcf7-form-control wpcf7-text wpcf7-validates-as-required\" autocomplete=\"name\" aria-required=\"true\" aria-invalid=\"false\" value=\"\" type=\"text\" name=\"your-name\" \/><\/span> <\/label>\n<\/p>\n<p><label> Su correo electr\u00f3nico<br \/>\n<span class=\"wpcf7-form-control-wrap\" data-name=\"your-email\"><input size=\"40\" maxlength=\"400\" class=\"wpcf7-form-control wpcf7-email wpcf7-validates-as-required wpcf7-text wpcf7-validates-as-email\" autocomplete=\"email\" aria-required=\"true\" aria-invalid=\"false\" value=\"\" type=\"email\" name=\"your-email\" \/><\/span> <\/label>\n<\/p>\n<p><label> Asunto<br \/>\n<span class=\"wpcf7-form-control-wrap\" data-name=\"your-subject\"><input size=\"40\" maxlength=\"400\" class=\"wpcf7-form-control wpcf7-text wpcf7-validates-as-required\" aria-required=\"true\" aria-invalid=\"false\" value=\"\" type=\"text\" name=\"your-subject\" \/><\/span> <\/label>\n<\/p>\n<p><label> Su mensaje (opcional)<br \/>\n<span class=\"wpcf7-form-control-wrap\" data-name=\"your-message\"><textarea cols=\"40\" rows=\"10\" maxlength=\"2000\" class=\"wpcf7-form-control wpcf7-textarea\" aria-invalid=\"false\" name=\"your-message\"><\/textarea><\/span> <\/label>\n<\/p>\n<p><label> Adjunte su curr\u00edculum<br \/>\n<span class=\"wpcf7-form-control-wrap\" data-name=\"file-574\"><input size=\"40\" class=\"wpcf7-form-control wpcf7-file wpcf7-validates-as-required\" accept=\"application\/pdf\" aria-required=\"true\" aria-invalid=\"false\" type=\"file\" name=\"file-574\" \/><\/span><\/label>\n<\/p>\n<p><input class=\"wpcf7-form-control wpcf7-submit has-spinner\" type=\"submit\" value=\"Enviar\" \/>\n<\/p><div class=\"wpcf7-response-output\" aria-hidden=\"true\"><\/div>\n<\/form>\n<\/div>\n<\/div><\/div><\/div><\/div><\/div><\/div><\/div><div class=\"x-section e102-e21 m2u-0 m2u-1 m2u-5 m2u-6\"><div class=\"x-row x-container max width e102-e22 m2u-8 m2u-9 m2u-a m2u-d\"><div class=\"x-row-inner\"><div class=\"x-col e102-e23 m2u-e\"><span class=\"x-image e102-e24 m2u-x\"><img decoding=\"async\" src=\"https:\/\/paseometropoli.com\/web\/wp-content\/uploads\/2026\/03\/icono-pm-reloj.png\" width=\"256\" height=\"256\" alt=\"Image\" loading=\"lazy\"><\/span><div class=\"x-text x-text-headline e102-e25 m2u-g m2u-i\"><div class=\"x-text-content\"><div class=\"x-text-content-text\"><h3 class=\"x-text-content-text-primary\">Horario oficinas administrativas<\/h3>\n<\/div><\/div><\/div><hr class=\"x-line e102-e26 m2u-s m2u-t\"\/><div class=\"x-text x-content e102-e27 m2u-j m2u-m m2u-o m2u-p m2u-q\"><p>De lunes a jueves de 8 A.M. a 5:30 P.M.<br \/>\nViernes de 8 A.M. a 5 P.M.<\/p><\/div><\/div><div class=\"x-col e102-e28 m2u-e\"><span class=\"x-image e102-e29 m2u-x\"><img decoding=\"async\" src=\"https:\/\/paseometropoli.com\/web\/wp-content\/uploads\/2026\/03\/icono-pm-telefono.png\" width=\"256\" height=\"256\" alt=\"Image\" loading=\"lazy\"><\/span><div class=\"x-text x-text-headline e102-e30 m2u-g m2u-i\"><div class=\"x-text-content\"><div class=\"x-text-content-text\"><h3 class=\"x-text-content-text-primary\">Telefono oficinas<\/h3>\n<\/div><\/div><\/div><hr class=\"x-line e102-e31 m2u-s m2u-t\"\/><div class=\"x-text x-content e102-e32 m2u-j m2u-m m2u-p m2u-q m2u-r\"><div class=\"x-text x-text-headline e533-e29 met-9 met-b\">\n<div class=\"x-text-content\">\n<div class=\"x-text-content-text\"><span>+(506) 2573-0900<\/span><\/div>\n<\/div>\n<\/div><\/div><\/div><div class=\"x-col e102-e33 m2u-e\"><span class=\"x-image e102-e34 m2u-x\"><img decoding=\"async\" src=\"https:\/\/paseometropoli.com\/web\/wp-content\/uploads\/2026\/03\/icono-pm-landmark.png\" width=\"256\" height=\"256\" alt=\"Image\" loading=\"lazy\"><\/span><div class=\"x-text x-text-headline e102-e35 m2u-g m2u-i\"><div class=\"x-text-content\"><div class=\"x-text-content-text\"><h3 class=\"x-text-content-text-primary\">Ubicaci\u00f3n<\/h3>\n<\/div><\/div><\/div><hr class=\"x-line e102-e36 m2u-s m2u-t\"\/><div class=\"x-text x-content e102-e37 m2u-j m2u-m m2u-p m2u-q m2u-r\"><div class=\"x-text x-text-headline e533-e29 met-9 met-b\">\n<div class=\"x-text-content\">\n<div class=\"x-text-content-text\">Radial de entrada a Ruta 10, Provincia de Cartago. Costa Rica.<\/div>\n<\/div>\n<\/div><\/div><\/div><\/div><\/div><\/div><\/div>\n","protected":false},"excerpt":{"rendered":"<p>Cont\u00e1ctenos Para consultas generales o si quieres ser parte de nuestro equipo.SACRRHHServicio al cliente Su nombre Su correo electr\u00f3nico Asunto Su mensaje (opcional) Recursos Humanos Su nombre Su correo electr\u00f3nico Asunto Su mensaje (opcional) Adjunte su curr\u00edculum Horario oficinas administrativas De lunes a jueves de 8 A.M. a 5:30 P.M. Viernes de 8 A.M. a 5 P.M.Telefono oficinas +(506) 2573-0900 &#8230; <\/p>\n<div><a href=\"https:\/\/paseometropoli.com\/web\/contactenos\/\" class=\"more-link\">Read More<\/a><\/div>\n","protected":false},"author":1,"featured_media":0,"parent":0,"menu_order":0,"comment_status":"closed","ping_status":"closed","template":"template-blank-4.php","meta":{"footnotes":""},"class_list":["post-102","page","type-page","status-publish","hentry","no-post-thumbnail"],"_links":{"self":[{"href":"https:\/\/paseometropoli.com\/web\/wp-json\/wp\/v2\/pages\/102","targetHints":{"allow":["GET"]}}],"collection":[{"href":"https:\/\/paseometropoli.com\/web\/wp-json\/wp\/v2\/pages"}],"about":[{"href":"https:\/\/paseometropoli.com\/web\/wp-json\/wp\/v2\/types\/page"}],"author":[{"embeddable":true,"href":"https:\/\/paseometropoli.com\/web\/wp-json\/wp\/v2\/users\/1"}],"replies":[{"embeddable":true,"href":"https:\/\/paseometropoli.com\/web\/wp-json\/wp\/v2\/comments?post=102"}],"version-history":[{"count":20,"href":"https:\/\/paseometropoli.com\/web\/wp-json\/wp\/v2\/pages\/102\/revisions"}],"predecessor-version":[{"id":1263,"href":"https:\/\/paseometropoli.com\/web\/wp-json\/wp\/v2\/pages\/102\/revisions\/1263"}],"wp:attachment":[{"href":"https:\/\/paseometropoli.com\/web\/wp-json\/wp\/v2\/media?parent=102"}],"curies":[{"name":"wp","href":"https:\/\/api.w.org\/{rel}","templated":true}]}}